{"id":2653,"date":"2019-08-06T07:36:15","date_gmt":"2019-08-06T07:36:15","guid":{"rendered":"http:\/\/dazzlersoftware.com\/testwp\/gymnaz\/?page_id=256"},"modified":"2022-04-19T12:17:37","modified_gmt":"2022-04-19T12:17:37","slug":"class-one","status":"publish","type":"page","link":"https:\/\/www.dubensound.cz\/?page_id=2653","title":{"rendered":"NA\u0160E SLU\u017dBY"},"content":{"rendered":"<p>[vc_row full_width=&#8220;stretch_row_content&#8220;][vc_column][vc_empty_space height=&#8220;80px&#8220;][\/vc_column][\/vc_row][vc_section css=&#8220;.vc_custom_1565077041790{padding-bottom: 70px !important;}&#8220;][vc_row][vc_column][gymnaz_heading title=&#8220;NAB\u00cdZ\u00cdME&#8220; description=&#8220;Komplexn\u00ed technick\u00e9 zabezpe\u010den\u00ed va\u0161ich akc\u00ed na kl\u00ed\u010d.&#8220;][\/vc_column][\/vc_row][vc_row][vc_column width=&#8220;1\/3&#8243;][gymnaz_feature_text title=&#8220;ONLINE I OFFLINE&#8220; description=&#8220;Komplexn\u00ed technick\u00e9 zabezpe\u010den\u00ed akc\u00ed,<br \/>\na to od komorn\u00edch ud\u00e1lost\u00ed a\u017e po rozs\u00e1hl\u00e9 mezin\u00e1rodn\u00ed projekty, offline i online.<br \/>\nOdborn\u00e9 konzultace a supervize technick\u00e9ho zaji\u0161t\u011bn\u00ed akc\u00ed, v\u010detn\u011b rozhlasov\u00fdch, televizn\u00edch a online p\u0159enos\u016f.&#8220;][\/vc_column][vc_column width=&#8220;1\/3&#8243;][gymnaz_feature_text title=&#8220;ODBORN\u00c9 KONZULTACE A SUPERVIZE&#8220; description=&#8220;Po\u0159\u00e1d\u00e1te konferenci, party, koncert nebo event pro klienty? Nev\u00edte si rady s technikou? Sm\u011ble se na n\u00e1s obra\u0165te. Va\u0161i kulturn\u00ed nebo spole\u010denskou ud\u00e1lost kompletn\u011b zprodukujeme nebo vybav\u00edme. Jsme schopni se pod\u00edlet na jednotliv\u00fdch \u010d\u00e1stech eventu. R\u00e1di v\u00e1m poskytneme konzultace v oblasti zvuku a technick\u00fdch dovednost\u00ed. Jan Duben je kmenov\u00fd lektor technick\u00fdch workshop\u016f pro za\u010d\u00ednaj\u00edc\u00ed, pokro\u010dil\u00e9 i profesion\u00e1ln\u00ed zvuka\u0159e.&#8220;][\/vc_column][vc_column width=&#8220;1\/3&#8243;][gymnaz_feature_text title=&#8220;PRODEJ POU\u017dIT\u00c9 TECHNIKY&#8220; description=&#8220;Sh\u00e1n\u00edte zvuka\u0159skou techniku? Zesilova\u010d, ovl\u00e1dac\u00ed pult, mikrofon nebo sv\u011btla?<br \/>\nNab\u00edz\u00edme bazar zvukov\u00e9 a sv\u011bteln\u00e9 techniky pro zvuka\u0159e a osv\u011btlova\u010de. M\u00e1me toho opravdu hodn\u011b a za zbytkov\u00e9 ceny.&#8220;][\/vc_column][\/vc_row][vc_row][vc_column][gymnaz_client_carousel clt_images=&#8220;3239,3244,3236,3234,3235,3243,3240,3237,3238,3241,3242&#8243;][vc_empty_space height=&#8220;70px&#8220;][\/vc_column][\/vc_row][vc_row][vc_column][vc_gallery interval=&#8220;3&#8243; images=&#8220;3035,3037,3038,3039,3040&#8243; img_size=&#8220;full&#8220; css_animation=&#8220;none&#8220;][\/vc_column][\/vc_row][vc_row][vc_column][vc_empty_space height=&#8220;70px&#8220;][gymnaz_heading icon_fontawesome=&#8220;fa fa-check&#8220; title=&#8220;V\u00ddHODY SPOLUPR\u00c1CE S DUBEN SOUND COMPANY&#8220; description=&#8220;Pat\u0159\u00edme k nejzku\u0161en\u011bj\u0161\u00edm firm\u00e1m na trhu v oblasti zvuku. Nab\u00edz\u00edme celkov\u00e1 technick\u00e1 \u0159e\u0161en\u00ed spole\u010densk\u00fdch, kulturn\u00edch a firemn\u00edch akc\u00ed. Zvuka\u0159sk\u00e9 slu\u017eby dod\u00e1v\u00e1me na m\u00edru a p\u0159esn\u011b podle va\u0161ich po\u017eadavk\u016f. Zakladatel a majitel Jan Duben pat\u0159\u00ed mezi p\u0159edn\u00ed dom\u00e1c\u00ed zvuka\u0159e. Poskytujeme kvalitn\u00ed, profesion\u00e1ln\u00ed a spolehliv\u00fd servis. Nab\u00edz\u00edme \u0161pi\u010dkov\u00e9 zvukov\u00e9 syst\u00e9my, n\u00e1stroje a sv\u011bteln\u00e9 vybaven\u00ed. N\u00e1sledujeme trendy v technice. Co sl\u00edb\u00edme, to spln\u00edme. M\u00e1te na\u0161e slovo.&#8220;][\/vc_column][\/vc_row][\/vc_section]<\/p>\n","protected":false},"excerpt":{"rendered":"<p>[vc_row full_width=&#8220;stretch_row_content&#8220;][vc_column][vc_empty_space height=&#8220;80px&#8220;][\/vc_column][\/vc_row][vc_section css=&#8220;.vc_custom_1565077041790{padding-bottom: 70px !important;}&#8220;][vc_row][vc_column][gymnaz_heading title=&#8220;NAB\u00cdZ\u00cdME&#8220; description=&#8220;Komplexn\u00ed technick\u00e9 zabezpe\u010den\u00ed va\u0161ich akc\u00ed na kl\u00ed\u010d.&#8220;][\/vc_column][\/vc_row][vc_row][vc_column width=&#8220;1\/3&#8243;][gymnaz_feature_text title=&#8220;ONLINE I OFFLINE&#8220; description=&#8220;Komplexn\u00ed technick\u00e9 zabezpe\u010den\u00ed akc\u00ed, a to od komorn\u00edch ud\u00e1lost\u00ed a\u017e po rozs\u00e1hl\u00e9 mezin\u00e1rodn\u00ed projekty, offline i online. Odborn\u00e9 konzultace a supervize technick\u00e9ho zaji\u0161t\u011bn\u00ed akc\u00ed, v\u010detn\u011b rozhlasov\u00fdch, televizn\u00edch a online p\u0159enos\u016f.&#8220;][\/vc_column][vc_column width=&#8220;1\/3&#8243;][gymnaz_feature_text title=&#8220;ODBORN\u00c9 KONZULTACE A SUPERVIZE&#8220; description=&#8220;Po\u0159\u00e1d\u00e1te konferenci, [&hellip;]<\/p>\n","protected":false},"author":2,"featured_media":0,"parent":0,"menu_order":2,"comment_status":"closed","ping_status":"closed","template":"","meta":[],"_links":{"self":[{"href":"https:\/\/www.dubensound.cz\/index.php?rest_route=\/wp\/v2\/pages\/2653"}],"collection":[{"href":"https:\/\/www.dubensound.cz\/index.php?rest_route=\/wp\/v2\/pages"}],"about":[{"href":"https:\/\/www.dubensound.cz\/index.php?rest_route=\/wp\/v2\/types\/page"}],"author":[{"embeddable":true,"href":"https:\/\/www.dubensound.cz\/index.php?rest_route=\/wp\/v2\/users\/2"}],"replies":[{"embeddable":true,"href":"https:\/\/www.dubensound.cz\/index.php?rest_route=%2Fwp%2Fv2%2Fcomments&post=2653"}],"version-history":[{"count":54,"href":"https:\/\/www.dubensound.cz\/index.php?rest_route=\/wp\/v2\/pages\/2653\/revisions"}],"predecessor-version":[{"id":3249,"href":"https:\/\/www.dubensound.cz\/index.php?rest_route=\/wp\/v2\/pages\/2653\/revisions\/3249"}],"wp:attachment":[{"href":"https:\/\/www.dubensound.cz\/index.php?rest_route=%2Fwp%2Fv2%2Fmedia&parent=2653"}],"curies":[{"name":"wp","href":"https:\/\/api.w.org\/{rel}","templated":true}]}}